be 1/2 + (-93)/(-6). Let t = -11 + a. What is the tens digit of 2/(-5) - (-62)/t?
1
Let l(x) = 10*x**2 - x. Let g be 1 - (-2)/(-4)*-6. Let b = g - 3. What is the units digit of l(b)?
9
Let k be -5*1/2*-2. Let d(a) = -3*a + 7. Let x(y) = 7*y - 13. Let q(v) = k*d(v) + 2*x(v). What is the units digit of q(4)?
5
Suppose 3*g - 2*g = 4. Let v(n) = -6*n - 16. Let a be v(-9). Suppose a = g*f - 2*y, -5*f = 3*y - 0*y - 64. What is the units digit of f?
1
Let h = 54 + -82. What is the units digit of (-24)/h*(1 + 13)?
2
Suppose -2*g + 782 = 4*w - 52, g + 1053 = 5*w. What is the hundreds digit of w?
2
Suppose -3 = -2*f + 3. Let y = f + 3. What is the units digit of y?
6
Let x be 10/(-1 - 2/(-1)). Suppose 4*i - 5*p = 37, 5*i - p = 10 + x. Suppose -25 - 8 = -i*j. What is the tens digit of j?
1
Let y(o) = -o**3 + 6*o**2 + 2. Let b be y(6). What is the tens digit of 32 - (3 + b/(-2))?
3
Let a = -13 + 32. Suppose -5*z + 1 = -a. What is the units digit of z?
4
Let y(h) = -h. Let f be y(-4). Suppose f*i = 33 + 47. Suppose 2*u = 6*u - i. What is the units digit of u?
5
Let v = 5 + -2. Suppose -i - v*r - 8 = 0, 0 = -i + 2*i + 4*r + 12. Suppose 4*m - m - 35 = -i*c, -4*m = -20. What is the units digit of c?
5
Let x = -3 - -2. Suppose 0 = 6*g - 11*g + 360. What is the units digit of x/(-1) + g/4?
9
Let s be 3 + -1*(0 + 1). What is the tens digit of s*((-66)/(-4))/3?
1
Let r(t) = -t**3 - 10*t**2 - 3*t + 5. What is the hundreds digit of r(-11)?
1
Suppose 2*c = -3*z - 10 - 8, -4*z = -5*c - 22. Let r(v) = v + 10. What is the units digit of r(c)?
4
Let k(t) = -t**2 + 7*t. Let a be k(7). Suppose -3*i + 34 = -2*b - 3*b, a = 4*b - 16. What is the tens digit of i?
1
Let b be (3 + 0)/(6/(-32)). Let w = -7 - b. What is the tens digit of (39/w)/(2/6)?
1
Let v(y) = -y**2 + 5*y - 4. Let g be v(6). Let c = 2 + g. What is the units digit of (6/5)/(c/(-20))?
3
Let d = 143 - 72. Let p = -50 + d. What is the units digit of p?
1
Suppose 215 = 3*i - 124. What is the tens digit of i?
1
Suppose c = 4 + 6. Let m(b) = -b**3 + 10*b**2 - b + 14. What is the units digit of m(c)?
4
Let n be ((-8)/(-6))/(2/3). Suppose -2*r = n*r + 56. Let t = r + 27. What is the units digit of t?
3
Let n(b) = -b**2 - b - 1. Let p(y) = -23*y**2 - 8*y - 5. Let k(o) = 6*n(o) - p(o). Let w be k(1). Let j = w + -5. What is the tens digit of j?
1
Suppose 0*c - 4*c - 16 = h, 0 = -5*h - 4*c - 32. What is the tens digit of (-214)/(-6) - h/12?
3
What is the units digit of (-2)/9 + (-1408)/(-18)?
8
Suppose -225 = 4*n + 5*r, -n + 2*r = -2*n - 57. Let v = 101 + n. What is the units digit of v?
6
Let j = 0 - 0. Let g be (3 - j) + -1 + 1. What is the units digit of (0 + -1)/(g/(-9))?
3
Let l be 4/5 - (-12)/(-15). Suppose l = j + 5*s - 24, 2*j - s - 3*s - 34 = 0. What is the units digit of j?
9
Suppose 5*d - 18 = -3. Suppose q - 4*b - 3 = 0, 6*q - 3*q - d*b = 9. Let w = q - -3. What is the units digit of w?
6
Let s(o) = -2*o + 15. What is the units digit of s(-10)?
5
Suppose -4*p = 4, -p = 4*u - 5*p - 36. What is the units digit of (u/(-5))/(1/(-5))?
8
Suppose 15*y - 16*y = -5. Suppose 6*s - y*s - 3*j - 52 = 0, -5*s + j = -204. What is the units digit of s?
0
Let g = 57 - 3. What is the tens digit of g?
5
Let q(z) = z**2 + 14. Suppose 0 = 4*y - y. What is the units digit of q(y)?
4
Let g = 5 - -1. Suppose -12 = 8*j - g*j. What is the tens digit of (j/(-3))/6*33?
1
Let j(b) = -b**3 - 5*b**2 + 2. Let s be j(-5). Suppose -s*k + 48 = k. What is the units digit of k?
6
What is the hundreds digit of 106 + 66/54 + (-4)/18?
1
Let t = -21 + 62. What is the units digit of t?
1
Let w(l) = -l**3 + 5*l**2 - 2*l + 3. Let q be w(4). Suppose -2*m + m - q = 0. Let p = m + 20. What is the units digit of p?
9
Suppose -2*m - 30 - 8 = 4*r, -3*m - r - 62 = 0. What is the units digit of 4/(-7) - 33/m?
1
Let f(m) = -m**2 - 11*m - 6. Let c be f(-10). Suppose -c*y - 5*v = 8, 2*v = 2*y + 5*v + 6. What is the units digit of y?
3
Suppose z = 3*z - 168. Suppose 2*o - 6*o = -z. What is the tens digit of o?
2
Let l(y) = 16*y**2 - 6*y + 3. What is the units digit of l(3)?
9
Let c be (-27)/(-5) - (-6)/(-15). Suppose 0 = -c*m + 8 + 2. Suppose -4*i + m*p = -4, -i - 3*i = -4*p. What is the units digit of i?
2
Let s(i) = 9*i - 1. Let l be s(1). What is the units digit of l + (-2 + 2 - 1)?
7
Suppose -202 = -7*b + 169. What is the tens digit of b?
5
Let d(o) = o**2 + 3*o - 7. What is the units digit of d(-7)?
1
Suppose 292 = 4*k - 4*w, -2*w + 0*w = -8. What is the tens digit of k?
7
Let k = 1 - 1. Let s(b) = b**3 + b**2 + 1. What is the units digit of s(k)?
1
Suppose -8 = -2*j - 2*j. Let b be 4 - j - -5*1. Let m = b - 2. What is the units digit of m?
5
Suppose -f + 35 = -269. What is the hundreds digit of f?
3
Let k be 1/(-2) - 45/6. Let b = k - -1. What is the units digit of (-18)/b*56/12?
2
Suppose g = 4*b - 36, -27 - 18 = -5*b + 5*g. Suppose 2*m + 2 = -2*v, -25 = -b*v + 4*v. Let x = m + 11. What is the units digit of x?
5
Let a be (0 + -2)/((-12)/(-474)). Let n = 51 + a. Let w = -15 - n. What is the tens digit of w?
1
Let b be (2/(-8))/(3/(-12)). Let q be 2 - b - (-2 + -3). What is the units digit of q - (0 + 2 + 0)?
4
Suppose -3 = -3*d - 0. Let y = d + 0. What is the units digit of y?
1
Let l(g) = -g**3 + 6*g**2 - 5*g + 2. Let o be l(5). Let s = o + 13. What is the units digit of s?
5
Let t = -8 - -11. Suppose -y + t*y - 25 = 5*f, -15 = -y + 5*f. What is the tens digit of y?
1
Let c = -10 + 12. Let x(h) be the third derivative of h**6/120 + h**5/60 - h**4/12 + h**3/6 + h**2. What is the units digit of x(c)?
9
Suppose 4*z + 4*u - 708 = 0, -2*u - 186 = 3*z - 4*z. What is the units digit of z?
0
Let v = -14 + 31. Suppose -v = -3*f - 4*z + 54, -5*z = -25. What is the units digit of f?
7
Let i = 149 - 40. What is the units digit of i?
9
Let o = -4 + 6. Let x(r) = -10*r**2 - r + 6*r + 12*r**o. What is the tens digit of x(-4)?
1
Let o = 60 - -84. What is the units digit of o?
4
Let u(q) = q**3 + 7*q**2 - 12*q - 12. What is the tens digit of u(-8)?
2
Suppose 5 = -4*g + 5*m, 3 = -3*m + 6. Suppose 2*b + b - 6 = 0. Suppose b*z - 5*z + 18 = g. What is the units digit of z?
6
Let o = -24 - -22. What is the units digit of (o/4)/(3/(-162))?
7
Let m(v) = -v**3 + 3*v**2 - 2*v + 3. Let d be m(2). Let f = -3 + d. Suppose -4*q + f*q = -4*x - 32, -4*q + 22 = -2*x. What is the units digit of q?
3
Let y be (4/6)/((-3)/(-144)). Let a = y - 21. What is the tens digit of a?
1
Let l(a) = -a**3 - 11*a**2 - 16*a + 9. Let r(g) = 2*g**3 + 22*g**2 + 31*g - 17. Let s(v) = -7*l(v) - 4*r(v). What is the tens digit of s(-10)?
2
Suppose f - 1 = -3*d, 0 = d - f - 4*f + 5. Suppose 3*b - 2*v - 9 = d, 5*v - 35 = -3*b - 5. Suppose -a + 5 = 5*l, 3*a + l - b = 10. What is the units digit of a?
5
What is the units digit of (-54)/144 - (-1355)/8?
9
Let j(p) = -17*p + 40. What is the units digit of j(-16)?
2
Let j(p) be the third derivative of p**6/120 + p**5/6 + 7*p**4/24 - 2*p**3 - p**2. What is the units digit of j(-9)?
6
Suppose -11 = -2*j + 19. Let q = -11 + j. What is the units digit of q?
4
Let r = -12 - 1. Suppose -4*q = -5*a - 124, 5*q = a + 3*a + 101. Let y = r - a. What is the tens digit of y?
1
Let i(y) = -y + 1. Let a be i(-4). Suppose 3*j - 41 = -2*m, a*j - m = j + 73. What is the tens digit of j?
1
Let v(w) be the first derivative of w**2/2 - 3*w + 1. Let t be v(5). Suppose -10 = -3*y - j - 1, -t*y = 3*j - 6. What is the units digit of y?
3
Let u(k) = 5*k**3 - 25*k**2 - 8*k - 41. Let l(y) = -2*y**3 + 8*y**2 + 3*y + 14. Let m(a) = -8*l(a) - 3*u(a). What is the units digit of m(-11)?
1
Suppose -k + 13 = 9. Suppose -4*v + 5*n + 67 = 0, -4*n + k = v - n. What is the tens digit of v?
1
Let x(b) = b**2 + 3*b - 5. Let i = 5 - 11. What is the tens digit of x(i)?
1
Suppose 3 - 8 = 5*c. Let v be (-1*3 - 1)/c. Suppose -24 + v = -5*t. What is the units digit of t?
4
Let j = -97 - -30. Let b = 95 + j. What is the tens digit of b?
2
Let m be ((-1)/(-1))/((-2)/4). Let z = m - -4. What is the units digit of z?
2
Let d = -4 + 9. Suppose 0*k - d*k = -15. What is the units digit of k?
3
Let q be 10/6 - (-4)/12. Let k be -2 - (2 + -13) - q. What is the units digit of k + -3 + 0 + 2?
6
Suppose -4*j - 2*s = -70 + 6, 5*j - 4*s = 67. What is the units digit of j?
5
Let v = -110 - 9. Let c = 56 + v. What is the unit